{"id":154,"date":"2022-01-11T20:14:08","date_gmt":"2022-01-12T00:14:08","guid":{"rendered":"https:\/\/peluambientalista.com\/?page_id=154"},"modified":"2022-01-11T20:14:08","modified_gmt":"2022-01-12T00:14:08","slug":"artwork","status":"publish","type":"page","link":"https:\/\/peluambientalista.com\/?page_id=154","title":{"rendered":"Artwork"},"content":{"rendered":"\n<div class=\"wp-block-group\"><div class=\"wp-block-group__inner-container is-layout-flow wp-block-group-is-layout-flow\">\n<div class=\"wp-block-columns is-layout-flex wp-container-core-columns-is-layout-9d6595d7 wp-block-columns-is-layout-flex\">\n<div class=\"wp-block-column is-layout-flow wp-block-column-is-layout-flow\">\n<figure class=\"wp-block-image size-full\"><img loading=\"lazy\" decoding=\"async\" width=\"512\" height=\"512\" src=\"https:\/\/peluambientalista.com\/wp-content\/uploads\/2022\/01\/man-1.png\" alt=\"\" class=\"wp-image-155\" srcset=\"https:\/\/peluambientalista.com\/wp-content\/uploads\/2022\/01\/man-1.png 512w, https:\/\/peluambientalista.com\/wp-content\/uploads\/2022\/01\/man-1-300x300.png 300w, https:\/\/peluambientalista.com\/wp-content\/uploads\/2022\/01\/man-1-150x150.png 150w\" sizes=\"auto, (max-width: 512px) 100vw, 512px\" \/><\/figure>\n<\/div>\n\n\n\n<div class=\"wp-block-column is-layout-flow wp-block-column-is-layout-flow\">\n<h2 class=\"wp-block-heading\">Outline del Pel\u00fa<\/h2>\n\n\n\n<p>Este dise\u00f1o utilizado en Pel\u00fa Ambientalista es gracias al artista <a href=\"https:\/\/www.flaticon.com\/authors\/ab-design\">AB Design<\/a>. Para m\u00e1s informaci\u00f3n y diferentes dise\u00f1os s\u00edguelos en <a href=\"https:\/\/www.flaticon.com\/authors\/ab-design\" target=\"_blank\" rel=\"noreferrer noopener\">F<\/a><a href=\"https:\/\/www.flaticon.com\/\" target=\"_blank\" rel=\"noreferrer noopener\">lat Icon<\/a>. <\/p>\n<\/div>\n<\/div>\n<\/div><\/div>\n","protected":false},"excerpt":{"rendered":"<p>Outline del Pel\u00fa Este dise\u00f1o utilizado en Pel\u00fa Ambientalista es gracias al artista AB Design. Para m\u00e1s informaci\u00f3n y diferentes dise\u00f1os s\u00edguelos en Flat Icon.<\/p>\n","protected":false},"author":1,"featured_media":0,"parent":0,"menu_order":0,"comment_status":"closed","ping_status":"closed","template":"","meta":{"_coblocks_attr":"","_coblocks_dimensions":"","_coblocks_responsive_height":"","_coblocks_accordion_ie_support":"","footnotes":""},"class_list":["post-154","page","type-page","status-publish","hentry"],"yoast_head":"<!-- This site is optimized with the Yoast SEO plugin v27.5 - https:\/\/yoast.com\/product\/yoast-seo-wordpress\/ -->\n<title>Artwork - Pel\u00fa Ambientalista<\/title>\n<meta name=\"robots\" content=\"index, follow, max-snippet:-1, max-image-preview:large, max-video-preview:-1\" \/>\n<link rel=\"canonical\" href=\"http:\/\/peluambientalista.com\/?page_id=154\" \/>\n<meta property=\"og:locale\" content=\"en_US\" \/>\n<meta property=\"og:type\" content=\"article\" \/>\n<meta property=\"og:title\" content=\"Artwork - Pel\u00fa Ambientalista\" \/>\n<meta property=\"og:description\" content=\"Outline del Pel\u00fa Este dise\u00f1o utilizado en Pel\u00fa Ambientalista es gracias al artista AB Design. Para m\u00e1s informaci\u00f3n y diferentes dise\u00f1os s\u00edguelos en Flat Icon.\" \/>\n<meta property=\"og:url\" content=\"http:\/\/peluambientalista.com\/?page_id=154\" \/>\n<meta property=\"og:site_name\" content=\"Pel\u00fa Ambientalista\" \/>\n<meta property=\"og:image\" content=\"https:\/\/peluambientalista.com\/wp-content\/uploads\/2022\/01\/man-1.png\" \/>\n<meta name=\"twitter:card\" content=\"summary_large_image\" \/>\n<meta name=\"twitter:label1\" content=\"Est. reading time\" \/>\n\t<meta name=\"twitter:data1\" content=\"1 minute\" \/>\n<script type=\"application\/ld+json\" class=\"yoast-schema-graph\">{\"@context\":\"https:\\\/\\\/schema.org\",\"@graph\":[{\"@type\":\"WebPage\",\"@id\":\"http:\\\/\\\/peluambientalista.com\\\/?page_id=154\",\"url\":\"http:\\\/\\\/peluambientalista.com\\\/?page_id=154\",\"name\":\"Artwork - Pel\u00fa Ambientalista\",\"isPartOf\":{\"@id\":\"https:\\\/\\\/peluambientalista.com\\\/#website\"},\"primaryImageOfPage\":{\"@id\":\"http:\\\/\\\/peluambientalista.com\\\/?page_id=154#primaryimage\"},\"image\":{\"@id\":\"http:\\\/\\\/peluambientalista.com\\\/?page_id=154#primaryimage\"},\"thumbnailUrl\":\"https:\\\/\\\/peluambientalista.com\\\/wp-content\\\/uploads\\\/2022\\\/01\\\/man-1.png\",\"datePublished\":\"2022-01-12T00:14:08+00:00\",\"breadcrumb\":{\"@id\":\"http:\\\/\\\/peluambientalista.com\\\/?page_id=154#breadcrumb\"},\"inLanguage\":\"en-US\",\"potentialAction\":[{\"@type\":\"ReadAction\",\"target\":[\"http:\\\/\\\/peluambientalista.com\\\/?page_id=154\"]}]},{\"@type\":\"ImageObject\",\"inLanguage\":\"en-US\",\"@id\":\"http:\\\/\\\/peluambientalista.com\\\/?page_id=154#primaryimage\",\"url\":\"https:\\\/\\\/peluambientalista.com\\\/wp-content\\\/uploads\\\/2022\\\/01\\\/man-1.png\",\"contentUrl\":\"https:\\\/\\\/peluambientalista.com\\\/wp-content\\\/uploads\\\/2022\\\/01\\\/man-1.png\",\"width\":512,\"height\":512},{\"@type\":\"BreadcrumbList\",\"@id\":\"http:\\\/\\\/peluambientalista.com\\\/?page_id=154#breadcrumb\",\"itemListElement\":[{\"@type\":\"ListItem\",\"position\":1,\"name\":\"Home\",\"item\":\"https:\\\/\\\/peluambientalista.com\\\/\"},{\"@type\":\"ListItem\",\"position\":2,\"name\":\"Artwork\"}]},{\"@type\":\"WebSite\",\"@id\":\"https:\\\/\\\/peluambientalista.com\\\/#website\",\"url\":\"https:\\\/\\\/peluambientalista.com\\\/\",\"name\":\"Pel\u00fa Ambientalista\",\"description\":\"\",\"potentialAction\":[{\"@type\":\"SearchAction\",\"target\":{\"@type\":\"EntryPoint\",\"urlTemplate\":\"https:\\\/\\\/peluambientalista.com\\\/?s={search_term_string}\"},\"query-input\":{\"@type\":\"PropertyValueSpecification\",\"valueRequired\":true,\"valueName\":\"search_term_string\"}}],\"inLanguage\":\"en-US\"}]}<\/script>\n<!-- \/ Yoast SEO plugin. -->","yoast_head_json":{"title":"Artwork - Pel\u00fa Ambientalista","robots":{"index":"index","follow":"follow","max-snippet":"max-snippet:-1","max-image-preview":"max-image-preview:large","max-video-preview":"max-video-preview:-1"},"canonical":"http:\/\/peluambientalista.com\/?page_id=154","og_locale":"en_US","og_type":"article","og_title":"Artwork - Pel\u00fa Ambientalista","og_description":"Outline del Pel\u00fa Este dise\u00f1o utilizado en Pel\u00fa Ambientalista es gracias al artista AB Design. Para m\u00e1s informaci\u00f3n y diferentes dise\u00f1os s\u00edguelos en Flat Icon.","og_url":"http:\/\/peluambientalista.com\/?page_id=154","og_site_name":"Pel\u00fa Ambientalista","og_image":[{"url":"https:\/\/peluambientalista.com\/wp-content\/uploads\/2022\/01\/man-1.png","type":"","width":"","height":""}],"twitter_card":"summary_large_image","twitter_misc":{"Est. reading time":"1 minute"},"schema":{"@context":"https:\/\/schema.org","@graph":[{"@type":"WebPage","@id":"http:\/\/peluambientalista.com\/?page_id=154","url":"http:\/\/peluambientalista.com\/?page_id=154","name":"Artwork - Pel\u00fa Ambientalista","isPartOf":{"@id":"https:\/\/peluambientalista.com\/#website"},"primaryImageOfPage":{"@id":"http:\/\/peluambientalista.com\/?page_id=154#primaryimage"},"image":{"@id":"http:\/\/peluambientalista.com\/?page_id=154#primaryimage"},"thumbnailUrl":"https:\/\/peluambientalista.com\/wp-content\/uploads\/2022\/01\/man-1.png","datePublished":"2022-01-12T00:14:08+00:00","breadcrumb":{"@id":"http:\/\/peluambientalista.com\/?page_id=154#breadcrumb"},"inLanguage":"en-US","potentialAction":[{"@type":"ReadAction","target":["http:\/\/peluambientalista.com\/?page_id=154"]}]},{"@type":"ImageObject","inLanguage":"en-US","@id":"http:\/\/peluambientalista.com\/?page_id=154#primaryimage","url":"https:\/\/peluambientalista.com\/wp-content\/uploads\/2022\/01\/man-1.png","contentUrl":"https:\/\/peluambientalista.com\/wp-content\/uploads\/2022\/01\/man-1.png","width":512,"height":512},{"@type":"BreadcrumbList","@id":"http:\/\/peluambientalista.com\/?page_id=154#breadcrumb","itemListElement":[{"@type":"ListItem","position":1,"name":"Home","item":"https:\/\/peluambientalista.com\/"},{"@type":"ListItem","position":2,"name":"Artwork"}]},{"@type":"WebSite","@id":"https:\/\/peluambientalista.com\/#website","url":"https:\/\/peluambientalista.com\/","name":"Pel\u00fa Ambientalista","description":"","potentialAction":[{"@type":"SearchAction","target":{"@type":"EntryPoint","urlTemplate":"https:\/\/peluambientalista.com\/?s={search_term_string}"},"query-input":{"@type":"PropertyValueSpecification","valueRequired":true,"valueName":"search_term_string"}}],"inLanguage":"en-US"}]}},"_links":{"self":[{"href":"https:\/\/peluambientalista.com\/index.php?rest_route=\/wp\/v2\/pages\/154","targetHints":{"allow":["GET"]}}],"collection":[{"href":"https:\/\/peluambientalista.com\/index.php?rest_route=\/wp\/v2\/pages"}],"about":[{"href":"https:\/\/peluambientalista.com\/index.php?rest_route=\/wp\/v2\/types\/page"}],"author":[{"embeddable":true,"href":"https:\/\/peluambientalista.com\/index.php?rest_route=\/wp\/v2\/users\/1"}],"replies":[{"embeddable":true,"href":"https:\/\/peluambientalista.com\/index.php?rest_route=%2Fwp%2Fv2%2Fcomments&post=154"}],"version-history":[{"count":0,"href":"https:\/\/peluambientalista.com\/index.php?rest_route=\/wp\/v2\/pages\/154\/revisions"}],"wp:attachment":[{"href":"https:\/\/peluambientalista.com\/index.php?rest_route=%2Fwp%2Fv2%2Fmedia&parent=154"}],"curies":[{"name":"wp","href":"https:\/\/api.w.org\/{rel}","templated":true}]}}

<div class="wp-block-group"><div class="wp-block-group__inner-container is-layout-flow wp-block-group-is-layout-flow">
<div class="wp-block-columns is-layout-flex wp-container-core-columns-is-layout-9d6595d7 wp-block-columns-is-layout-flex">
<div class="wp-block-column is-layout-flow wp-block-column-is-layout-flow">
<figure class="wp-block-image size-full"><img loading="lazy" decoding="async" width="512" height="512" src="https://peluambientalista.com/wp-content/uploads/2022/01/man-1.png" alt="" class="wp-image-155" srcset="https://peluambientalista.com/wp-content/uploads/2022/01/man-1.png 512w, https://peluambientalista.com/wp-content/uploads/2022/01/man-1-300x300.png 300w, https://peluambientalista.com/wp-content/uploads/2022/01/man-1-150x150.png 150w" sizes="auto, (max-width: 512px) 100vw, 512px" /></figure>
</div>



<div class="wp-block-column is-layout-flow wp-block-column-is-layout-flow">
<h2 class="wp-block-heading">Outline del Pelú</h2>



<p>Este diseño utilizado en Pelú Ambientalista es gracias al artista <a href="https://www.flaticon.com/authors/ab-design">AB Design</a>. Para más información y diferentes diseños síguelos en <a href="https://www.flaticon.com/authors/ab-design" target="_blank" rel="noreferrer noopener">F</a><a href="https://www.flaticon.com/" target="_blank" rel="noreferrer noopener">lat Icon</a>. </p>
</div>
</div>
</div></div>

<p>Outline del Pelú Este diseño utilizado en Pelú Ambientalista es gracias al artista AB Design. Para más información y diferentes diseños síguelos en Flat Icon.</p>

<!-- This site is optimized with the Yoast SEO plugin v27.5 - https://yoast.com/product/yoast-seo-wordpress/ -->
<title>Artwork - Pelú Ambientalista</title>
<meta name="robots" content="index, follow, max-snippet:-1, max-image-preview:large, max-video-preview:-1" />
<link rel="canonical" href="http://peluambientalista.com/?page_id=154" />
<meta property="og:locale" content="en_US" />
<meta property="og:type" content="article" />
<meta property="og:title" content="Artwork - Pelú Ambientalista" />
<meta property="og:description" content="Outline del Pelú Este diseño utilizado en Pelú Ambientalista es gracias al artista AB Design. Para más información y diferentes diseños síguelos en Flat Icon." />
<meta property="og:url" content="http://peluambientalista.com/?page_id=154" />
<meta property="og:site_name" content="Pelú Ambientalista" />
<meta property="og:image" content="https://peluambientalista.com/wp-content/uploads/2022/01/man-1.png" />
<meta name="twitter:card" content="summary_large_image" />
<meta name="twitter:label1" content="Est. reading time" />
	<meta name="twitter:data1" content="1 minute" />
<script type="application/ld+json" class="yoast-schema-graph">{"@context":"https:\/\/schema.org","@graph":[{"@type":"WebPage","@id":"http:\/\/peluambientalista.com\/?page_id=154","url":"http:\/\/peluambientalista.com\/?page_id=154","name":"Artwork - Pelú Ambientalista","isPartOf":{"@id":"https:\/\/peluambientalista.com\/#website"},"primaryImageOfPage":{"@id":"http:\/\/peluambientalista.com\/?page_id=154#primaryimage"},"image":{"@id":"http:\/\/peluambientalista.com\/?page_id=154#primaryimage"},"thumbnailUrl":"https:\/\/peluambientalista.com\/wp-content\/uploads\/2022\/01\/man-1.png","datePublished":"2022-01-12T00:14:08+00:00","breadcrumb":{"@id":"http:\/\/peluambientalista.com\/?page_id=154#breadcrumb"},"inLanguage":"en-US","potentialAction":[{"@type":"ReadAction","target":["http:\/\/peluambientalista.com\/?page_id=154"]}]},{"@type":"ImageObject","inLanguage":"en-US","@id":"http:\/\/peluambientalista.com\/?page_id=154#primaryimage","url":"https:\/\/peluambientalista.com\/wp-content\/uploads\/2022\/01\/man-1.png","contentUrl":"https:\/\/peluambientalista.com\/wp-content\/uploads\/2022\/01\/man-1.png","width":512,"height":512},{"@type":"BreadcrumbList","@id":"http:\/\/peluambientalista.com\/?page_id=154#breadcrumb","itemListElement":[{"@type":"ListItem","position":1,"name":"Home","item":"https:\/\/peluambientalista.com\/"},{"@type":"ListItem","position":2,"name":"Artwork"}]},{"@type":"WebSite","@id":"https:\/\/peluambientalista.com\/#website","url":"https:\/\/peluambientalista.com\/","name":"Pelú Ambientalista","description":"","potentialAction":[{"@type":"SearchAction","target":{"@type":"EntryPoint","urlTemplate":"https:\/\/peluambientalista.com\/?s={search_term_string}"},"query-input":{"@type":"PropertyValueSpecification","valueRequired":true,"valueName":"search_term_string"}}],"inLanguage":"en-US"}]}</script>
<!-- / Yoast SEO plugin. -->

Artwork - Pelú Ambientalista

Outline del Pelú Este diseño utilizado en Pelú Ambientalista es gracias al artista AB Design. Para más información y diferentes diseños síguelos en Flat Icon.

Pelú Ambientalista
