{"id":135,"date":"2022-01-11T19:18:59","date_gmt":"2022-01-11T23:18:59","guid":{"rendered":"https:\/\/peluambientalista.com\/?page_id=135"},"modified":"2022-01-11T19:19:00","modified_gmt":"2022-01-11T23:19:00","slug":"pelu","status":"publish","type":"page","link":"https:\/\/peluambientalista.com\/?page_id=135","title":{"rendered":"Pel\u00fa"},"content":{"rendered":"\n<div class=\"wp-block-columns is-layout-flex wp-container-core-columns-is-layout-9d6595d7 wp-block-columns-is-layout-flex\">\n<div class=\"wp-block-column is-layout-flow wp-block-column-is-layout-flow\">\n<h2 class=\"wp-block-heading\">\u00bfQu\u00e9 es Pel\u00fa Ambientalista?<\/h2>\n\n\n\n<p>Con Pel\u00fa Ambientalista, quiero compartir conocimiento, informaci\u00f3n y experiencias sobre el medioambiente en Puerto Rico.  Espero poder brindar herramientas  para que lxs lectores puedan tomar decisiones que contribuyan a la protecci\u00f3n de los recursos naturales. Busco resaltar la belleza de mi Isla y c\u00f3mo disfrutar de la naturaleza de manera sostenible. Proveer\u00e9 informaci\u00f3n relevante y actualizada sobre el manejo de los recursos naturales, las organizaciones ambientales y las nuevas t\u00e9cnicas que ayudan a enverdecer a Puerto Rico y al Mundo.<\/p>\n\n\n\n<p class=\"has-text-align-left\">Quiero proveer conocimiento para todas las comunidades, que sea accesible para el desarrollo de m\u00e1s Pel\u00fas Ambientalistas. S que rescatar el planeta del cambio clim\u00e1tico de un d\u00eda a otro es casi imposible. Buscamos que lxs futuros Pel\u00fas aprendan algo nuevo sobre el medioambiente, lo pongan en pr\u00e1ctica y compartan su experiencia con otrxs. Gracias por seguirnos en esta nueva aventura.<\/p>\n<\/div>\n<\/div>\n\n\n\n<div class=\"wp-block-columns is-layout-flex wp-container-core-columns-is-layout-9d6595d7 wp-block-columns-is-layout-flex\">\n<div class=\"wp-block-column is-layout-flow wp-block-column-is-layout-flow\" style=\"flex-basis:33.33%\">\n<figure class=\"wp-block-image size-large\"><img loading=\"lazy\" decoding=\"async\" width=\"1024\" height=\"970\" src=\"https:\/\/peluambientalista.com\/wp-content\/uploads\/2022\/01\/EBBD645C-0DAA-4965-B3C0-6DC32CDDB686-1024x970.jpeg\" alt=\"\" class=\"wp-image-144\" srcset=\"https:\/\/peluambientalista.com\/wp-content\/uploads\/2022\/01\/EBBD645C-0DAA-4965-B3C0-6DC32CDDB686-1024x970.jpeg 1024w, https:\/\/peluambientalista.com\/wp-content\/uploads\/2022\/01\/EBBD645C-0DAA-4965-B3C0-6DC32CDDB686-300x284.jpeg 300w, https:\/\/peluambientalista.com\/wp-content\/uploads\/2022\/01\/EBBD645C-0DAA-4965-B3C0-6DC32CDDB686-768x728.jpeg 768w, https:\/\/peluambientalista.com\/wp-content\/uploads\/2022\/01\/EBBD645C-0DAA-4965-B3C0-6DC32CDDB686-1536x1456.jpeg 1536w, https:\/\/peluambientalista.com\/wp-content\/uploads\/2022\/01\/EBBD645C-0DAA-4965-B3C0-6DC32CDDB686-2048x1941.jpeg 2048w, https:\/\/peluambientalista.com\/wp-content\/uploads\/2022\/01\/EBBD645C-0DAA-4965-B3C0-6DC32CDDB686-850x805.jpeg 850w\" sizes=\"auto, (max-width: 1024px) 100vw, 1024px\" \/><\/figure>\n<\/div>\n\n\n\n<div class=\"wp-block-column is-layout-flow wp-block-column-is-layout-flow\" style=\"flex-basis:66.66%\">\n<div class=\"wp-block-group\"><div class=\"wp-block-group__inner-container is-layout-flow wp-block-group-is-layout-flow\">\n<h2 class=\"wp-block-heading\">El Pel\u00fa<\/h2>\n<\/div><\/div>\n\n\n\n<p>Mi nombre es Bryan, soy estudiante de maestr\u00eda en Planificaci\u00f3n Ambiental en Universidad Ana G. M\u00e9ndez. Cuento con un bachillerato en Biolog\u00eda Integrativa en UPR-RP. Me gusta hacer turismo interno, pintar con acuarelas en mi tiempo libre y <em>binge watch<\/em> Netflix. <\/p>\n\n\n\n<p>Para contacto: bryantorres@peluambientalista.com<\/p>\n<\/div>\n<\/div>\n","protected":false},"excerpt":{"rendered":"<p>\u00bfQu\u00e9 es Pel\u00fa Ambientalista? Con Pel\u00fa Ambientalista, quiero compartir conocimiento, informaci\u00f3n y experiencias sobre el medioambiente en Puerto Rico. Espero poder brindar herramientas para que lxs lectores puedan tomar decisiones que contribuyan a la protecci\u00f3n de los recursos naturales. Busco resaltar la belleza de mi Isla y c\u00f3mo disfrutar de la naturaleza de manera sostenible&#8230;.<\/p>\n","protected":false},"author":1,"featured_media":0,"parent":0,"menu_order":0,"comment_status":"closed","ping_status":"closed","template":"","meta":{"_coblocks_attr":"","_coblocks_dimensions":"","_coblocks_responsive_height":"","_coblocks_accordion_ie_support":"","footnotes":""},"class_list":["post-135","page","type-page","status-publish","hentry"],"yoast_head":"<!-- This site is optimized with the Yoast SEO plugin v27.5 - https:\/\/yoast.com\/product\/yoast-seo-wordpress\/ -->\n<title>Pel\u00fa - Pel\u00fa Ambientalista<\/title>\n<meta name=\"robots\" content=\"index, follow, max-snippet:-1, max-image-preview:large, max-video-preview:-1\" \/>\n<link rel=\"canonical\" href=\"http:\/\/peluambientalista.com\/?page_id=135\" \/>\n<meta property=\"og:locale\" content=\"en_US\" \/>\n<meta property=\"og:type\" content=\"article\" \/>\n<meta property=\"og:title\" content=\"Pel\u00fa - Pel\u00fa Ambientalista\" \/>\n<meta property=\"og:description\" content=\"\u00bfQu\u00e9 es Pel\u00fa Ambientalista? Con Pel\u00fa Ambientalista, quiero compartir conocimiento, informaci\u00f3n y experiencias sobre el medioambiente en Puerto Rico. Espero poder brindar herramientas para que lxs lectores puedan tomar decisiones que contribuyan a la protecci\u00f3n de los recursos naturales. Busco resaltar la belleza de mi Isla y c\u00f3mo disfrutar de la naturaleza de manera sostenible....\" \/>\n<meta property=\"og:url\" content=\"http:\/\/peluambientalista.com\/?page_id=135\" \/>\n<meta property=\"og:site_name\" content=\"Pel\u00fa Ambientalista\" \/>\n<meta property=\"article:modified_time\" content=\"2022-01-11T23:19:00+00:00\" \/>\n<meta property=\"og:image\" content=\"https:\/\/peluambientalista.com\/wp-content\/uploads\/2022\/01\/EBBD645C-0DAA-4965-B3C0-6DC32CDDB686-1024x970.jpeg\" \/>\n<meta name=\"twitter:card\" content=\"summary_large_image\" \/>\n<meta name=\"twitter:label1\" content=\"Est. reading time\" \/>\n\t<meta name=\"twitter:data1\" content=\"2 minutes\" \/>\n<script type=\"application\/ld+json\" class=\"yoast-schema-graph\">{\"@context\":\"https:\\\/\\\/schema.org\",\"@graph\":[{\"@type\":\"WebPage\",\"@id\":\"http:\\\/\\\/peluambientalista.com\\\/?page_id=135\",\"url\":\"http:\\\/\\\/peluambientalista.com\\\/?page_id=135\",\"name\":\"Pel\u00fa - Pel\u00fa Ambientalista\",\"isPartOf\":{\"@id\":\"https:\\\/\\\/peluambientalista.com\\\/#website\"},\"primaryImageOfPage\":{\"@id\":\"http:\\\/\\\/peluambientalista.com\\\/?page_id=135#primaryimage\"},\"image\":{\"@id\":\"http:\\\/\\\/peluambientalista.com\\\/?page_id=135#primaryimage\"},\"thumbnailUrl\":\"https:\\\/\\\/peluambientalista.com\\\/wp-content\\\/uploads\\\/2022\\\/01\\\/EBBD645C-0DAA-4965-B3C0-6DC32CDDB686-1024x970.jpeg\",\"datePublished\":\"2022-01-11T23:18:59+00:00\",\"dateModified\":\"2022-01-11T23:19:00+00:00\",\"breadcrumb\":{\"@id\":\"http:\\\/\\\/peluambientalista.com\\\/?page_id=135#breadcrumb\"},\"inLanguage\":\"en-US\",\"potentialAction\":[{\"@type\":\"ReadAction\",\"target\":[\"http:\\\/\\\/peluambientalista.com\\\/?page_id=135\"]}]},{\"@type\":\"ImageObject\",\"inLanguage\":\"en-US\",\"@id\":\"http:\\\/\\\/peluambientalista.com\\\/?page_id=135#primaryimage\",\"url\":\"https:\\\/\\\/peluambientalista.com\\\/wp-content\\\/uploads\\\/2022\\\/01\\\/EBBD645C-0DAA-4965-B3C0-6DC32CDDB686-scaled.jpeg\",\"contentUrl\":\"https:\\\/\\\/peluambientalista.com\\\/wp-content\\\/uploads\\\/2022\\\/01\\\/EBBD645C-0DAA-4965-B3C0-6DC32CDDB686-scaled.jpeg\",\"width\":2560,\"height\":2426},{\"@type\":\"BreadcrumbList\",\"@id\":\"http:\\\/\\\/peluambientalista.com\\\/?page_id=135#breadcrumb\",\"itemListElement\":[{\"@type\":\"ListItem\",\"position\":1,\"name\":\"Home\",\"item\":\"https:\\\/\\\/peluambientalista.com\\\/\"},{\"@type\":\"ListItem\",\"position\":2,\"name\":\"Pel\u00fa\"}]},{\"@type\":\"WebSite\",\"@id\":\"https:\\\/\\\/peluambientalista.com\\\/#website\",\"url\":\"https:\\\/\\\/peluambientalista.com\\\/\",\"name\":\"Pel\u00fa Ambientalista\",\"description\":\"\",\"potentialAction\":[{\"@type\":\"SearchAction\",\"target\":{\"@type\":\"EntryPoint\",\"urlTemplate\":\"https:\\\/\\\/peluambientalista.com\\\/?s={search_term_string}\"},\"query-input\":{\"@type\":\"PropertyValueSpecification\",\"valueRequired\":true,\"valueName\":\"search_term_string\"}}],\"inLanguage\":\"en-US\"}]}<\/script>\n<!-- \/ Yoast SEO plugin. -->","yoast_head_json":{"title":"Pel\u00fa - Pel\u00fa Ambientalista","robots":{"index":"index","follow":"follow","max-snippet":"max-snippet:-1","max-image-preview":"max-image-preview:large","max-video-preview":"max-video-preview:-1"},"canonical":"http:\/\/peluambientalista.com\/?page_id=135","og_locale":"en_US","og_type":"article","og_title":"Pel\u00fa - Pel\u00fa Ambientalista","og_description":"\u00bfQu\u00e9 es Pel\u00fa Ambientalista? Con Pel\u00fa Ambientalista, quiero compartir conocimiento, informaci\u00f3n y experiencias sobre el medioambiente en Puerto Rico. Espero poder brindar herramientas para que lxs lectores puedan tomar decisiones que contribuyan a la protecci\u00f3n de los recursos naturales. Busco resaltar la belleza de mi Isla y c\u00f3mo disfrutar de la naturaleza de manera sostenible....","og_url":"http:\/\/peluambientalista.com\/?page_id=135","og_site_name":"Pel\u00fa Ambientalista","article_modified_time":"2022-01-11T23:19:00+00:00","og_image":[{"url":"https:\/\/peluambientalista.com\/wp-content\/uploads\/2022\/01\/EBBD645C-0DAA-4965-B3C0-6DC32CDDB686-1024x970.jpeg","type":"","width":"","height":""}],"twitter_card":"summary_large_image","twitter_misc":{"Est. reading time":"2 minutes"},"schema":{"@context":"https:\/\/schema.org","@graph":[{"@type":"WebPage","@id":"http:\/\/peluambientalista.com\/?page_id=135","url":"http:\/\/peluambientalista.com\/?page_id=135","name":"Pel\u00fa - Pel\u00fa Ambientalista","isPartOf":{"@id":"https:\/\/peluambientalista.com\/#website"},"primaryImageOfPage":{"@id":"http:\/\/peluambientalista.com\/?page_id=135#primaryimage"},"image":{"@id":"http:\/\/peluambientalista.com\/?page_id=135#primaryimage"},"thumbnailUrl":"https:\/\/peluambientalista.com\/wp-content\/uploads\/2022\/01\/EBBD645C-0DAA-4965-B3C0-6DC32CDDB686-1024x970.jpeg","datePublished":"2022-01-11T23:18:59+00:00","dateModified":"2022-01-11T23:19:00+00:00","breadcrumb":{"@id":"http:\/\/peluambientalista.com\/?page_id=135#breadcrumb"},"inLanguage":"en-US","potentialAction":[{"@type":"ReadAction","target":["http:\/\/peluambientalista.com\/?page_id=135"]}]},{"@type":"ImageObject","inLanguage":"en-US","@id":"http:\/\/peluambientalista.com\/?page_id=135#primaryimage","url":"https:\/\/peluambientalista.com\/wp-content\/uploads\/2022\/01\/EBBD645C-0DAA-4965-B3C0-6DC32CDDB686-scaled.jpeg","contentUrl":"https:\/\/peluambientalista.com\/wp-content\/uploads\/2022\/01\/EBBD645C-0DAA-4965-B3C0-6DC32CDDB686-scaled.jpeg","width":2560,"height":2426},{"@type":"BreadcrumbList","@id":"http:\/\/peluambientalista.com\/?page_id=135#breadcrumb","itemListElement":[{"@type":"ListItem","position":1,"name":"Home","item":"https:\/\/peluambientalista.com\/"},{"@type":"ListItem","position":2,"name":"Pel\u00fa"}]},{"@type":"WebSite","@id":"https:\/\/peluambientalista.com\/#website","url":"https:\/\/peluambientalista.com\/","name":"Pel\u00fa Ambientalista","description":"","potentialAction":[{"@type":"SearchAction","target":{"@type":"EntryPoint","urlTemplate":"https:\/\/peluambientalista.com\/?s={search_term_string}"},"query-input":{"@type":"PropertyValueSpecification","valueRequired":true,"valueName":"search_term_string"}}],"inLanguage":"en-US"}]}},"_links":{"self":[{"href":"https:\/\/peluambientalista.com\/index.php?rest_route=\/wp\/v2\/pages\/135","targetHints":{"allow":["GET"]}}],"collection":[{"href":"https:\/\/peluambientalista.com\/index.php?rest_route=\/wp\/v2\/pages"}],"about":[{"href":"https:\/\/peluambientalista.com\/index.php?rest_route=\/wp\/v2\/types\/page"}],"author":[{"embeddable":true,"href":"https:\/\/peluambientalista.com\/index.php?rest_route=\/wp\/v2\/users\/1"}],"replies":[{"embeddable":true,"href":"https:\/\/peluambientalista.com\/index.php?rest_route=%2Fwp%2Fv2%2Fcomments&post=135"}],"version-history":[{"count":0,"href":"https:\/\/peluambientalista.com\/index.php?rest_route=\/wp\/v2\/pages\/135\/revisions"}],"wp:attachment":[{"href":"https:\/\/peluambientalista.com\/index.php?rest_route=%2Fwp%2Fv2%2Fmedia&parent=135"}],"curies":[{"name":"wp","href":"https:\/\/api.w.org\/{rel}","templated":true}]}}

Pelú

<div class="wp-block-columns is-layout-flex wp-container-core-columns-is-layout-9d6595d7 wp-block-columns-is-layout-flex">
<div class="wp-block-column is-layout-flow wp-block-column-is-layout-flow">
<h2 class="wp-block-heading">¿Qué es Pelú Ambientalista?</h2>



<p>Con Pelú Ambientalista, quiero compartir conocimiento, información y experiencias sobre el medioambiente en Puerto Rico.  Espero poder brindar herramientas  para que lxs lectores puedan tomar decisiones que contribuyan a la protección de los recursos naturales. Busco resaltar la belleza de mi Isla y cómo disfrutar de la naturaleza de manera sostenible. Proveeré información relevante y actualizada sobre el manejo de los recursos naturales, las organizaciones ambientales y las nuevas técnicas que ayudan a enverdecer a Puerto Rico y al Mundo.</p>



<p class="has-text-align-left">Quiero proveer conocimiento para todas las comunidades, que sea accesible para el desarrollo de más Pelús Ambientalistas. S que rescatar el planeta del cambio climático de un día a otro es casi imposible. Buscamos que lxs futuros Pelús aprendan algo nuevo sobre el medioambiente, lo pongan en práctica y compartan su experiencia con otrxs. Gracias por seguirnos en esta nueva aventura.</p>
</div>
</div>



<div class="wp-block-columns is-layout-flex wp-container-core-columns-is-layout-9d6595d7 wp-block-columns-is-layout-flex">
<div class="wp-block-column is-layout-flow wp-block-column-is-layout-flow" style="flex-basis:33.33%">
<figure class="wp-block-image size-large"><img loading="lazy" decoding="async" width="1024" height="970" src="https://peluambientalista.com/wp-content/uploads/2022/01/EBBD645C-0DAA-4965-B3C0-6DC32CDDB686-1024x970.jpeg" alt="" class="wp-image-144" srcset="https://peluambientalista.com/wp-content/uploads/2022/01/EBBD645C-0DAA-4965-B3C0-6DC32CDDB686-1024x970.jpeg 1024w, https://peluambientalista.com/wp-content/uploads/2022/01/EBBD645C-0DAA-4965-B3C0-6DC32CDDB686-300x284.jpeg 300w, https://peluambientalista.com/wp-content/uploads/2022/01/EBBD645C-0DAA-4965-B3C0-6DC32CDDB686-768x728.jpeg 768w, https://peluambientalista.com/wp-content/uploads/2022/01/EBBD645C-0DAA-4965-B3C0-6DC32CDDB686-1536x1456.jpeg 1536w, https://peluambientalista.com/wp-content/uploads/2022/01/EBBD645C-0DAA-4965-B3C0-6DC32CDDB686-2048x1941.jpeg 2048w, https://peluambientalista.com/wp-content/uploads/2022/01/EBBD645C-0DAA-4965-B3C0-6DC32CDDB686-850x805.jpeg 850w" sizes="auto, (max-width: 1024px) 100vw, 1024px" /></figure>
</div>



<div class="wp-block-column is-layout-flow wp-block-column-is-layout-flow" style="flex-basis:66.66%">
<div class="wp-block-group"><div class="wp-block-group__inner-container is-layout-flow wp-block-group-is-layout-flow">
<h2 class="wp-block-heading">El Pelú</h2>
</div></div>



<p>Mi nombre es Bryan, soy estudiante de maestría en Planificación Ambiental en Universidad Ana G. Méndez. Cuento con un bachillerato en Biología Integrativa en UPR-RP. Me gusta hacer turismo interno, pintar con acuarelas en mi tiempo libre y <em>binge watch</em> Netflix. </p>



<p>Para contacto: bryantorres@peluambientalista.com</p>
</div>
</div>

<p>¿Qué es Pelú Ambientalista? Con Pelú Ambientalista, quiero compartir conocimiento, información y experiencias sobre el medioambiente en Puerto Rico. Espero poder brindar herramientas para que lxs lectores puedan tomar decisiones que contribuyan a la protección de los recursos naturales. Busco resaltar la belleza de mi Isla y cómo disfrutar de la naturaleza de manera sostenible&#8230;.</p>

<!-- This site is optimized with the Yoast SEO plugin v27.5 - https://yoast.com/product/yoast-seo-wordpress/ -->
<title>Pelú - Pelú Ambientalista</title>
<meta name="robots" content="index, follow, max-snippet:-1, max-image-preview:large, max-video-preview:-1" />
<link rel="canonical" href="http://peluambientalista.com/?page_id=135" />
<meta property="og:locale" content="en_US" />
<meta property="og:type" content="article" />
<meta property="og:title" content="Pelú - Pelú Ambientalista" />
<meta property="og:description" content="¿Qué es Pelú Ambientalista? Con Pelú Ambientalista, quiero compartir conocimiento, información y experiencias sobre el medioambiente en Puerto Rico. Espero poder brindar herramientas para que lxs lectores puedan tomar decisiones que contribuyan a la protección de los recursos naturales. Busco resaltar la belleza de mi Isla y cómo disfrutar de la naturaleza de manera sostenible...." />
<meta property="og:url" content="http://peluambientalista.com/?page_id=135" />
<meta property="og:site_name" content="Pelú Ambientalista" />
<meta property="article:modified_time" content="2022-01-11T23:19:00+00:00" />
<meta property="og:image" content="https://peluambientalista.com/wp-content/uploads/2022/01/EBBD645C-0DAA-4965-B3C0-6DC32CDDB686-1024x970.jpeg" />
<meta name="twitter:card" content="summary_large_image" />
<meta name="twitter:label1" content="Est. reading time" />
	<meta name="twitter:data1" content="2 minutes" />
<script type="application/ld+json" class="yoast-schema-graph">{"@context":"https:\/\/schema.org","@graph":[{"@type":"WebPage","@id":"http:\/\/peluambientalista.com\/?page_id=135","url":"http:\/\/peluambientalista.com\/?page_id=135","name":"Pelú - Pelú Ambientalista","isPartOf":{"@id":"https:\/\/peluambientalista.com\/#website"},"primaryImageOfPage":{"@id":"http:\/\/peluambientalista.com\/?page_id=135#primaryimage"},"image":{"@id":"http:\/\/peluambientalista.com\/?page_id=135#primaryimage"},"thumbnailUrl":"https:\/\/peluambientalista.com\/wp-content\/uploads\/2022\/01\/EBBD645C-0DAA-4965-B3C0-6DC32CDDB686-1024x970.jpeg","datePublished":"2022-01-11T23:18:59+00:00","dateModified":"2022-01-11T23:19:00+00:00","breadcrumb":{"@id":"http:\/\/peluambientalista.com\/?page_id=135#breadcrumb"},"inLanguage":"en-US","potentialAction":[{"@type":"ReadAction","target":["http:\/\/peluambientalista.com\/?page_id=135"]}]},{"@type":"ImageObject","inLanguage":"en-US","@id":"http:\/\/peluambientalista.com\/?page_id=135#primaryimage","url":"https:\/\/peluambientalista.com\/wp-content\/uploads\/2022\/01\/EBBD645C-0DAA-4965-B3C0-6DC32CDDB686-scaled.jpeg","contentUrl":"https:\/\/peluambientalista.com\/wp-content\/uploads\/2022\/01\/EBBD645C-0DAA-4965-B3C0-6DC32CDDB686-scaled.jpeg","width":2560,"height":2426},{"@type":"BreadcrumbList","@id":"http:\/\/peluambientalista.com\/?page_id=135#breadcrumb","itemListElement":[{"@type":"ListItem","position":1,"name":"Home","item":"https:\/\/peluambientalista.com\/"},{"@type":"ListItem","position":2,"name":"Pelú"}]},{"@type":"WebSite","@id":"https:\/\/peluambientalista.com\/#website","url":"https:\/\/peluambientalista.com\/","name":"Pelú Ambientalista","description":"","potentialAction":[{"@type":"SearchAction","target":{"@type":"EntryPoint","urlTemplate":"https:\/\/peluambientalista.com\/?s={search_term_string}"},"query-input":{"@type":"PropertyValueSpecification","valueRequired":true,"valueName":"search_term_string"}}],"inLanguage":"en-US"}]}</script>
<!-- / Yoast SEO plugin. -->

Pelú - Pelú Ambientalista

¿Qué es Pelú Ambientalista? Con Pelú Ambientalista, quiero compartir conocimiento, información y experiencias sobre el medioambiente en Puerto Rico. Espero poder brindar herramientas para que lxs lectores puedan tomar decisiones que contribuyan a la protección de los recursos naturales. Busco resaltar la belleza de mi Isla y cómo disfrutar de la naturaleza de manera sostenible....

Pelú Ambientalista
